{"id":160,"date":"2015-06-23T09:07:17","date_gmt":"2015-06-23T09:07:17","guid":{"rendered":"http:\/\/www.leadingthechange.com\/?page_id=160"},"modified":"2015-07-27T11:42:00","modified_gmt":"2015-07-27T11:42:00","slug":"blogltc","status":"publish","type":"page","link":"https:\/\/www.leadingthechange.com\/en\/blogltc\/","title":{"rendered":"Blog"},"content":{"rendered":"<div class=\"et_pb_section et_section_regular\" style='background-color:#ffffff;'>\r\n\t\t\t\r\n\t\t\t\r\n\t\t\t\t\r\n\t\t\t\t<div class=\"et_pb_row\">\r\n\t\t\t<div class=\"et_pb_column et_pb_column_4_4\">\r\n\t\t\t<div class=\"et_pb_blog_grid_wrapper\"><div class=\"et_pb_blog_grid clearfix et_pb_bg_layout_light\">\r\n\t\t\t\r\n\t\t<article id=\"post-1373\" class=\"et_pb_post post-1373 post type-post status-publish format-standard has-post-thumbnail hentry category-rsc odd\">\r\n\r\n\t\t<div class=\"et_pb_image_container\">\t\t\t\t\t\t<a href=\"https:\/\/www.leadingthechange.com\/en\/madrid-acoge-la-decima-edicion-del-congreso-de-lo-que-de-verdad-importa\/\">\r\n\t\t\t\t\t\t\t<img src=\"https:\/\/www.leadingthechange.com\/wp-content\/uploads\/2016\/11\/lqdvi-madrid-400x250.jpg\" alt='Madrid hosts the tenth edition of What Really Matters Congress' width='400' height='250' \/>\t\t\t\t\t\t<\/a>\r\n\t\t\t\t<\/div> <!-- .et_pb_image_container -->\r\n\t\t\t\t\t\t\t\t\t<h2><a href=\"https:\/\/www.leadingthechange.com\/en\/madrid-acoge-la-decima-edicion-del-congreso-de-lo-que-de-verdad-importa\/\">Madrid hosts the tenth edition of What Really Matters Congress<\/a><\/h2>\r\n\t\t\t\r\n\t\t\t<p class=\"post-meta\">by <a href=\"https:\/\/www.leadingthechange.com\/en\/author\/admmktgnv\/\" title=\"Posts by admmktgnv\" rel=\"author\">admmktgnv<\/a>  |  Nov 28, 2016  |  <a href=\"https:\/\/www.leadingthechange.com\/en\/category\/rsc\/\" rel=\"category tag\">RSC<\/a><\/p>Last November 25, Madrid held the tenth edition of What Really Matters Congress at the Municipal Palace of Congresses. The attendance was a complete success and a crowded auditorium enjoyed the assistance of four distinguished speakers: Jaime Garrastazu, cofounder and Marketing manager at Pompeii; Jorge Font, eight times waterskiing disable world champion; Kyle Maynard, champion with disability in wrestling; and Paco Arango, president of Aladina Foundation and film director, screen-writer and producer. What Really Matters (WRM) is a foundation that seeks to promote the development and the diffusion of universal human, ethical and moral values to the public essentially through the development of cultural activities. Its main activities include national and international congresses, national and international volunteering, talks for companies or publication of books, among others. The Group made up of Gonvarri Steel Services, GRI Renewable Industries y Gestamp Renewables, is conscious of the importance of these values for the development of corporate culture and pride of belonging and long ago\u00a0established a collaboration with the Foundation....\t\t\r\n\t\t<\/article> <!-- .et_pb_post -->\r\n\r\n\t\t<article id=\"post-1369\" class=\"et_pb_post post-1369 post type-post status-publish format-standard has-post-thumbnail hentry category-sin-categoria even\">\r\n\r\n\t\t<div class=\"et_pb_image_container\">\t\t\t\t\t\t<a href=\"https:\/\/www.leadingthechange.com\/en\/road-steel-participa-en-intertraffic-mexico\/\">\r\n\t\t\t\t\t\t\t<img src=\"https:\/\/www.leadingthechange.com\/wp-content\/uploads\/2016\/11\/Intertraffic-Mexico-400x250.jpg\" alt='Road Steel takes part in Intertraffic Mexico' width='400' height='250' \/>\t\t\t\t\t\t<\/a>\r\n\t\t\t\t<\/div> <!-- .et_pb_image_container -->\r\n\t\t\t\t\t\t\t\t\t<h2><a href=\"https:\/\/www.leadingthechange.com\/en\/road-steel-participa-en-intertraffic-mexico\/\">Road Steel takes part in Intertraffic Mexico<\/a><\/h2>\r\n\t\t\t\r\n\t\t\t<p class=\"post-meta\">by <a href=\"https:\/\/www.leadingthechange.com\/en\/author\/admmktgnv\/\" title=\"Posts by admmktgnv\" rel=\"author\">admmktgnv<\/a>  |  Nov 24, 2016  |  <a href=\"https:\/\/www.leadingthechange.com\/en\/category\/sin-categoria\/\" rel=\"category tag\">Sin categor\u00eda<\/a><\/p>Road Steel, business line of Gonvarri Steel Services, took recently part in Intertraffic M\u00e9xico, exhibition held in Ciudad de Mexico between the 16th and 18th of November. Road Steel attended the event aiming to make themselves known in the Aztec country and to show its ideas and solutions in the field of road safety infrastructures. Currently, Road Steel has a strong presence in the American continent with headquarters in Itag\u00fc\u00ed (Colombia) and Arizona (USA). Intertraffic is organised once every two years to ensure that the products shown at the exhibition are totally new. Innovation is the key word at Intertraffic. This exhibition is the place where almost 27,000 professional visitors and exhibitors meet, network and do business with each other. There are met from manufacturers and importers to local agents for products in the field of mobility solutions in the segments Smart Mobility, Infrastructure, Traffic Management, Safety and...\t\t\r\n\t\t<\/article> <!-- .et_pb_post -->\r\n\r\n\t\t<article id=\"post-1353\" class=\"et_pb_post post-1353 post type-post status-publish format-standard has-post-thumbnail hentry category-sin-categoria odd\">\r\n\r\n\t\t<div class=\"et_pb_image_container\">\t\t\t\t\t\t<a href=\"https:\/\/www.leadingthechange.com\/en\/gestamp-biomass-solutions-participa-en-el-foro-construye-tic-2016\/\">\r\n\t\t\t\t\t\t\t<img src=\"https:\/\/www.leadingthechange.com\/wp-content\/uploads\/2016\/11\/Gestamp-Biomass-Solutions-Construye-TIC-blog-ltc-400x250.jpg\" alt='GBS takes part in the Construye-TIC 2016 forum' width='400' height='250' \/>\t\t\t\t\t\t<\/a>\r\n\t\t\t\t<\/div> <!-- .et_pb_image_container -->\r\n\t\t\t\t\t\t\t\t\t<h2><a href=\"https:\/\/www.leadingthechange.com\/en\/gestamp-biomass-solutions-participa-en-el-foro-construye-tic-2016\/\">GBS takes part in the Construye-TIC 2016 forum<\/a><\/h2>\r\n\t\t\t\r\n\t\t\t<p class=\"post-meta\">by <a href=\"https:\/\/www.leadingthechange.com\/en\/author\/admmktgnv\/\" title=\"Posts by admmktgnv\" rel=\"author\">admmktgnv<\/a>  |  Nov 22, 2016  |  <a href=\"https:\/\/www.leadingthechange.com\/en\/category\/sin-categoria\/\" rel=\"category tag\">Sin categor\u00eda<\/a><\/p>GBS (Gestamp Biomass Solutions) took part last 9th of November in the third edition of Construye-TIC. The event, held at the Congress Palace of C\u00e1diz, presented the most recent updates on TIC deployment in order to enhance competitiveness on construction and development companies. Alejandro P\u00e1ez Moreno, CEO of Gestamp Biomass Solutions, exposed about \u2018R+D+i role in the creation of sustainable competitive advantages\u2019, lecture from which he highlighted, amongst other ideas, that innovation and its proper management are key factors in order to enable a competitive advantage with regard to competitors and, subsequently, this happens by creating new values in the shape of products, services, processes and so on. Construye-TIC is yearly organized by FAEC (Federaci\u00f3n Provincial de Agrupaciones de Empresarios de la Construcci\u00f3n de C\u00e1diz) and Evolucionapp, an event that addresses the utilization of new technologies to boost the sector. The main objective of this experience is to carry out a pedagogical and awareness exposure about the usage and applications of TICs to solve sector\u2019s...\t\t\r\n\t\t<\/article> <!-- .et_pb_post -->\r\n\r\n\t\t<article id=\"post-1366\" class=\"et_pb_post post-1366 post type-post status-publish format-standard has-post-thumbnail hentry category-awards category-emotional-driving even\">\r\n\r\n\t\t<div class=\"et_pb_image_container\">\t\t\t\t\t\t<a href=\"https:\/\/www.leadingthechange.com\/en\/premio-talento-digital-en-la-ii-edicion-de-las-50-mejores-ideas-digitales-de-expansion\/\">\r\n\t\t\t\t\t\t\t<img src=\"https:\/\/www.leadingthechange.com\/wp-content\/uploads\/2016\/11\/talento-digital-400x250.jpg\" alt='Digital Talent Award in the 2nd Edition of Expansi\u00f3n 50 Best Digital Ideas' width='400' height='250' \/>\t\t\t\t\t\t<\/a>\r\n\t\t\t\t<\/div> <!-- .et_pb_image_container -->\r\n\t\t\t\t\t\t\t\t\t<h2><a href=\"https:\/\/www.leadingthechange.com\/en\/premio-talento-digital-en-la-ii-edicion-de-las-50-mejores-ideas-digitales-de-expansion\/\">Digital Talent Award in the 2nd Edition of Expansi\u00f3n 50 Best Digital Ideas<\/a><\/h2>\r\n\t\t\t\r\n\t\t\t<p class=\"post-meta\">by <a href=\"https:\/\/www.leadingthechange.com\/en\/author\/admmktgnv\/\" title=\"Posts by admmktgnv\" rel=\"author\">admmktgnv<\/a>  |  Nov 15, 2016  |  <a href=\"https:\/\/www.leadingthechange.com\/en\/category\/awards\/\" rel=\"category tag\">Awards<\/a>, <a href=\"https:\/\/www.leadingthechange.com\/en\/category\/emotional-driving\/\" rel=\"category tag\">Emotional Driving<\/a><\/p>Today we add a new award! We have won the Digital Talent award in the\u00a0second Edition of Expansi\u00f3n 50 Best Digital Ideas. With this, there are already 13 prizes awarded to this initiative that keeps growing and changing. Soon, Emotional Driving will arrive to schools in order to reinforce road safety among the youngest. The project started locally, at the factories of the company, where employees and their relatives provided the content whilst they received training and\u00a0optimistic\u00a0talks to strengthen their awareness on road safety. The award received today acknowledges the Digital Talent as a transmedia project, that beyond a book, it has a mobile app and a web series. Also, the project is available in English, German, Portuguese and Russian, aiming to reach the most people it...\t\t\r\n\t\t<\/article> <!-- .et_pb_post -->\r\n\r\n\t\t<article id=\"post-1349\" class=\"et_pb_post post-1349 post type-post status-publish format-standard has-post-thumbnail hentry category-awards category-emotional-driving odd\">\r\n\r\n\t\t<div class=\"et_pb_image_container\">\t\t\t\t\t\t<a href=\"https:\/\/www.leadingthechange.com\/en\/emotional-driving-recibe-el-premio-prevencionar-como-mejor-proyecto-de-seguridad-vial\/\">\r\n\t\t\t\t\t\t\t<img src=\"https:\/\/www.leadingthechange.com\/wp-content\/uploads\/2016\/10\/ED-PREVENCIONAR-blog-400x250.jpg\" alt='Emotional Driving receives Prevencionar award as best project on Road Safety' width='400' height='250' \/>\t\t\t\t\t\t<\/a>\r\n\t\t\t\t<\/div> <!-- .et_pb_image_container -->\r\n\t\t\t\t\t\t\t\t\t<h2><a href=\"https:\/\/www.leadingthechange.com\/en\/emotional-driving-recibe-el-premio-prevencionar-como-mejor-proyecto-de-seguridad-vial\/\">Emotional Driving receives Prevencionar award as best project on Road Safety<\/a><\/h2>\r\n\t\t\t\r\n\t\t\t<p class=\"post-meta\">by <a href=\"https:\/\/www.leadingthechange.com\/en\/author\/admmktgnv\/\" title=\"Posts by admmktgnv\" rel=\"author\">admmktgnv<\/a>  |  Oct 24, 2016  |  <a href=\"https:\/\/www.leadingthechange.com\/en\/category\/awards\/\" rel=\"category tag\">Awards<\/a>, <a href=\"https:\/\/www.leadingthechange.com\/en\/category\/emotional-driving\/\" rel=\"category tag\">Emotional Driving<\/a><\/p>Emotional Driving has received Prevencionar Award as best Project on road safety. According to the jury, the prize is awarded due to the \u201cperfect planning and implementation of \u2018Emotional Driving\u2019 project, as well as for its satisfactory results\u201d. Gonvarri won the prize against other important competitors as Johnson &amp; Johnson, Alsa, Truckdeal and Egarsat. Altogether, a sum of 349 applications were presented to the first edition of Prevencionar Awards. With this one, there are 12 international awards already won in different categories, as Internal Communications, Corporate Social Responsibility and, this time, Road Safety. The award ceremony took place last Tuesday at Ram\u00f3n Areces Foundation, that gathered about 400 people from different areas and from Occupational Risks and Human Resources...\t\t\r\n\t\t<\/article> <!-- .et_pb_post -->\r\n\r\n\t\t<article id=\"post-1345\" class=\"et_pb_post post-1345 post type-post status-publish format-standard has-post-thumbnail hentry category-sin-categoria category-uncategorized even\">\r\n\r\n\t\t<div class=\"et_pb_image_container\">\t\t\t\t\t\t<a href=\"https:\/\/www.leadingthechange.com\/en\/gonvarri-presente-en-las-jornadas-foroburgos-2016-sobre-transformacion-digital\/\">\r\n\t\t\t\t\t\t\t<img src=\"https:\/\/www.leadingthechange.com\/wp-content\/uploads\/2016\/10\/foro-burgos-400x250.jpg\" alt='Gonvarri participates at ForoBurgos 2016 on Digital Transformation' width='400' height='250' \/>\t\t\t\t\t\t<\/a>\r\n\t\t\t\t<\/div> <!-- .et_pb_image_container -->\r\n\t\t\t\t\t\t\t\t\t<h2><a href=\"https:\/\/www.leadingthechange.com\/en\/gonvarri-presente-en-las-jornadas-foroburgos-2016-sobre-transformacion-digital\/\">Gonvarri participates at ForoBurgos 2016 on Digital Transformation<\/a><\/h2>\r\n\t\t\t\r\n\t\t\t<p class=\"post-meta\">by <a href=\"https:\/\/www.leadingthechange.com\/en\/author\/admmktgnv\/\" title=\"Posts by admmktgnv\" rel=\"author\">admmktgnv<\/a>  |  Oct 17, 2016  |  <a href=\"https:\/\/www.leadingthechange.com\/en\/category\/sin-categoria\/\" rel=\"category tag\">Sin categor\u00eda<\/a>, <a href=\"https:\/\/www.leadingthechange.com\/en\/category\/uncategorized\/\" rel=\"category tag\">Uncategorized<\/a><\/p>Gonvarri Steel Services has taken part in the exhibition \u201cA travel in time through Burgos\u2019 industry\u201d, within ForoBurgos 2016, that finished yesterday\u00a0at Casa del Cord\u00f3n in Burgos under the Digital Transformation topic. Through a dramatized tour and digital materials as virtual reality, augmented reality or video mapping, visitors got to know the trajectory of the steel company, as well as its business, its international presence or the technology used in the development of its product. Gonvarri has also participated in several discussions and panels with C\u00e9sar Garc\u00eda Leal, General Manager at Gonvarri Iberia and UK, and N\u00e9stor Lacarra, General Manager of Strategy, Management Systems and Innovation, respectively. The first day was\u00a0about technology and industrial changes; whilst the second, open to public, addressed the topic of entrepreneurship in digital world and human resources\u2019 digital competencies. This is the eighth edition of ForoBurgos initiative, held with the goal to become into a referral regional event, committed to strength the relationship between the company and society, adding value to the entrepreneur, the transmission of knowledge and the increase of...\t\t\r\n\t\t<\/article> <!-- .et_pb_post -->\r\n<\/div> <!-- .et_pb_posts --><div class=\"pagination clearfix\">\r\n\t<div class=\"alignleft\"><a href=\"https:\/\/www.leadingthechange.com\/en\/wp-json\/wp\/v2\/pages\/160\/page\/2\/\" >&laquo; Older Entries<\/a><\/div>\r\n\t<div class=\"alignright\"><\/div>\r\n<\/div>\r\n\t\t<\/div>\r\n\t\t<\/div> <!-- .et_pb_column -->\r\n\t\t<\/div> <!-- .et_pb_row -->\r\n\t\t\t\r\n\t\t<\/div> <!-- .et_pb_section -->\n","protected":false},"excerpt":{"rendered":"","protected":false},"author":5,"featured_media":0,"parent":0,"menu_order":0,"comment_status":"open","ping_status":"open","template":"","meta":[],"_links":{"self":[{"href":"https:\/\/www.leadingthechange.com\/en\/wp-json\/wp\/v2\/pages\/160"}],"collection":[{"href":"https:\/\/www.leadingthechange.com\/en\/wp-json\/wp\/v2\/pages"}],"about":[{"href":"https:\/\/www.leadingthechange.com\/en\/wp-json\/wp\/v2\/types\/page"}],"author":[{"embeddable":true,"href":"https:\/\/www.leadingthechange.com\/en\/wp-json\/wp\/v2\/users\/5"}],"replies":[{"embeddable":true,"href":"https:\/\/www.leadingthechange.com\/en\/wp-json\/wp\/v2\/comments?post=160"}],"version-history":[{"count":9,"href":"https:\/\/www.leadingthechange.com\/en\/wp-json\/wp\/v2\/pages\/160\/revisions"}],"predecessor-version":[{"id":1089,"href":"https:\/\/www.leadingthechange.com\/en\/wp-json\/wp\/v2\/pages\/160\/revisions\/1089"}],"wp:attachment":[{"href":"https:\/\/www.leadingthechange.com\/en\/wp-json\/wp\/v2\/media?parent=160"}],"curies":[{"name":"wp","href":"https:\/\/api.w.org\/{rel}","templated":true}]}}

<div class="et_pb_section et_section_regular" style='background-color:#ffffff;'>
			
			
				
				<div class="et_pb_row">
			<div class="et_pb_column et_pb_column_4_4">
			<div class="et_pb_blog_grid_wrapper"><div class="et_pb_blog_grid clearfix et_pb_bg_layout_light">
			
		<article id="post-1373" class="et_pb_post post-1373 post type-post status-publish format-standard has-post-thumbnail hentry category-rsc odd">

		<div class="et_pb_image_container">						<a href="https://www.leadingthechange.com/en/madrid-acoge-la-decima-edicion-del-congreso-de-lo-que-de-verdad-importa/">
							<img src="https://www.leadingthechange.com/wp-content/uploads/2016/11/lqdvi-madrid-400x250.jpg" alt='Madrid hosts the tenth edition of What Really Matters Congress' width='400' height='250' />						</a>
				</div> <!-- .et_pb_image_container -->
									<h2><a href="https://www.leadingthechange.com/en/madrid-acoge-la-decima-edicion-del-congreso-de-lo-que-de-verdad-importa/">Madrid hosts the tenth edition of What Really Matters Congress</a></h2>
			
			<p class="post-meta">by <a href="https://www.leadingthechange.com/en/author/admmktgnv/" title="Posts by admmktgnv" rel="author">admmktgnv</a>  |  Nov 28, 2016  |  <a href="https://www.leadingthechange.com/en/category/rsc/" rel="category tag">RSC</a></p>Last November 25, Madrid held the tenth edition of What Really Matters Congress at the Municipal Palace of Congresses. The attendance was a complete success and a crowded auditorium enjoyed the assistance of four distinguished speakers: Jaime Garrastazu, cofounder and Marketing manager at Pompeii; Jorge Font, eight times waterskiing disable world champion; Kyle Maynard, champion with disability in wrestling; and Paco Arango, president of Aladina Foundation and film director, screen-writer and producer. What Really Matters (WRM) is a foundation that seeks to promote the development and the diffusion of universal human, ethical and moral values to the public essentially through the development of cultural activities. Its main activities include national and international congresses, national and international volunteering, talks for companies or publication of books, among others. The Group made up of Gonvarri Steel Services, GRI Renewable Industries y Gestamp Renewables, is conscious of the importance of these values for the development of corporate culture and pride of belonging and long ago established a collaboration with the Foundation....		
		</article> <!-- .et_pb_post -->

		<article id="post-1369" class="et_pb_post post-1369 post type-post status-publish format-standard has-post-thumbnail hentry category-sin-categoria even">

		<div class="et_pb_image_container">						<a href="https://www.leadingthechange.com/en/road-steel-participa-en-intertraffic-mexico/">
							<img src="https://www.leadingthechange.com/wp-content/uploads/2016/11/Intertraffic-Mexico-400x250.jpg" alt='Road Steel takes part in Intertraffic Mexico' width='400' height='250' />						</a>
				</div> <!-- .et_pb_image_container -->
									<h2><a href="https://www.leadingthechange.com/en/road-steel-participa-en-intertraffic-mexico/">Road Steel takes part in Intertraffic Mexico</a></h2>
			
			<p class="post-meta">by <a href="https://www.leadingthechange.com/en/author/admmktgnv/" title="Posts by admmktgnv" rel="author">admmktgnv</a>  |  Nov 24, 2016  |  <a href="https://www.leadingthechange.com/en/category/sin-categoria/" rel="category tag">Sin categoría</a></p>Road Steel, business line of Gonvarri Steel Services, took recently part in Intertraffic México, exhibition held in Ciudad de Mexico between the 16th and 18th of November. Road Steel attended the event aiming to make themselves known in the Aztec country and to show its ideas and solutions in the field of road safety infrastructures. Currently, Road Steel has a strong presence in the American continent with headquarters in Itagüí (Colombia) and Arizona (USA). Intertraffic is organised once every two years to ensure that the products shown at the exhibition are totally new. Innovation is the key word at Intertraffic. This exhibition is the place where almost 27,000 professional visitors and exhibitors meet, network and do business with each other. There are met from manufacturers and importers to local agents for products in the field of mobility solutions in the segments Smart Mobility, Infrastructure, Traffic Management, Safety and...		
		</article> <!-- .et_pb_post -->

		<article id="post-1353" class="et_pb_post post-1353 post type-post status-publish format-standard has-post-thumbnail hentry category-sin-categoria odd">

		<div class="et_pb_image_container">						<a href="https://www.leadingthechange.com/en/gestamp-biomass-solutions-participa-en-el-foro-construye-tic-2016/">
							<img src="https://www.leadingthechange.com/wp-content/uploads/2016/11/Gestamp-Biomass-Solutions-Construye-TIC-blog-ltc-400x250.jpg" alt='GBS takes part in the Construye-TIC 2016 forum' width='400' height='250' />						</a>
				</div> <!-- .et_pb_image_container -->
									<h2><a href="https://www.leadingthechange.com/en/gestamp-biomass-solutions-participa-en-el-foro-construye-tic-2016/">GBS takes part in the Construye-TIC 2016 forum</a></h2>
			
			<p class="post-meta">by <a href="https://www.leadingthechange.com/en/author/admmktgnv/" title="Posts by admmktgnv" rel="author">admmktgnv</a>  |  Nov 22, 2016  |  <a href="https://www.leadingthechange.com/en/category/sin-categoria/" rel="category tag">Sin categoría</a></p>GBS (Gestamp Biomass Solutions) took part last 9th of November in the third edition of Construye-TIC. The event, held at the Congress Palace of Cádiz, presented the most recent updates on TIC deployment in order to enhance competitiveness on construction and development companies. Alejandro Páez Moreno, CEO of Gestamp Biomass Solutions, exposed about ‘R+D+i role in the creation of sustainable competitive advantages’, lecture from which he highlighted, amongst other ideas, that innovation and its proper management are key factors in order to enable a competitive advantage with regard to competitors and, subsequently, this happens by creating new values in the shape of products, services, processes and so on. Construye-TIC is yearly organized by FAEC (Federación Provincial de Agrupaciones de Empresarios de la Construcción de Cádiz) and Evolucionapp, an event that addresses the utilization of new technologies to boost the sector. The main objective of this experience is to carry out a pedagogical and awareness exposure about the usage and applications of TICs to solve sector’s...		
		</article> <!-- .et_pb_post -->

		<article id="post-1366" class="et_pb_post post-1366 post type-post status-publish format-standard has-post-thumbnail hentry category-awards category-emotional-driving even">

		<div class="et_pb_image_container">						<a href="https://www.leadingthechange.com/en/premio-talento-digital-en-la-ii-edicion-de-las-50-mejores-ideas-digitales-de-expansion/">
							<img src="https://www.leadingthechange.com/wp-content/uploads/2016/11/talento-digital-400x250.jpg" alt='Digital Talent Award in the 2nd Edition of Expansión 50 Best Digital Ideas' width='400' height='250' />						</a>
				</div> <!-- .et_pb_image_container -->
									<h2><a href="https://www.leadingthechange.com/en/premio-talento-digital-en-la-ii-edicion-de-las-50-mejores-ideas-digitales-de-expansion/">Digital Talent Award in the 2nd Edition of Expansión 50 Best Digital Ideas</a></h2>
			
			<p class="post-meta">by <a href="https://www.leadingthechange.com/en/author/admmktgnv/" title="Posts by admmktgnv" rel="author">admmktgnv</a>  |  Nov 15, 2016  |  <a href="https://www.leadingthechange.com/en/category/awards/" rel="category tag">Awards</a>, <a href="https://www.leadingthechange.com/en/category/emotional-driving/" rel="category tag">Emotional Driving</a></p>Today we add a new award! We have won the Digital Talent award in the second Edition of Expansión 50 Best Digital Ideas. With this, there are already 13 prizes awarded to this initiative that keeps growing and changing. Soon, Emotional Driving will arrive to schools in order to reinforce road safety among the youngest. The project started locally, at the factories of the company, where employees and their relatives provided the content whilst they received training and optimistic talks to strengthen their awareness on road safety. The award received today acknowledges the Digital Talent as a transmedia project, that beyond a book, it has a mobile app and a web series. Also, the project is available in English, German, Portuguese and Russian, aiming to reach the most people it...		
		</article> <!-- .et_pb_post -->

		<article id="post-1349" class="et_pb_post post-1349 post type-post status-publish format-standard has-post-thumbnail hentry category-awards category-emotional-driving odd">

		<div class="et_pb_image_container">						<a href="https://www.leadingthechange.com/en/emotional-driving-recibe-el-premio-prevencionar-como-mejor-proyecto-de-seguridad-vial/">
							<img src="https://www.leadingthechange.com/wp-content/uploads/2016/10/ED-PREVENCIONAR-blog-400x250.jpg" alt='Emotional Driving receives Prevencionar award as best project on Road Safety' width='400' height='250' />						</a>
				</div> <!-- .et_pb_image_container -->
									<h2><a href="https://www.leadingthechange.com/en/emotional-driving-recibe-el-premio-prevencionar-como-mejor-proyecto-de-seguridad-vial/">Emotional Driving receives Prevencionar award as best project on Road Safety</a></h2>
			
			<p class="post-meta">by <a href="https://www.leadingthechange.com/en/author/admmktgnv/" title="Posts by admmktgnv" rel="author">admmktgnv</a>  |  Oct 24, 2016  |  <a href="https://www.leadingthechange.com/en/category/awards/" rel="category tag">Awards</a>, <a href="https://www.leadingthechange.com/en/category/emotional-driving/" rel="category tag">Emotional Driving</a></p>Emotional Driving has received Prevencionar Award as best Project on road safety. According to the jury, the prize is awarded due to the “perfect planning and implementation of ‘Emotional Driving’ project, as well as for its satisfactory results”. Gonvarri won the prize against other important competitors as Johnson &amp; Johnson, Alsa, Truckdeal and Egarsat. Altogether, a sum of 349 applications were presented to the first edition of Prevencionar Awards. With this one, there are 12 international awards already won in different categories, as Internal Communications, Corporate Social Responsibility and, this time, Road Safety. The award ceremony took place last Tuesday at Ramón Areces Foundation, that gathered about 400 people from different areas and from Occupational Risks and Human Resources...		
		</article> <!-- .et_pb_post -->

		<article id="post-1345" class="et_pb_post post-1345 post type-post status-publish format-standard has-post-thumbnail hentry category-sin-categoria category-uncategorized even">

		<div class="et_pb_image_container">						<a href="https://www.leadingthechange.com/en/gonvarri-presente-en-las-jornadas-foroburgos-2016-sobre-transformacion-digital/">
							<img src="https://www.leadingthechange.com/wp-content/uploads/2016/10/foro-burgos-400x250.jpg" alt='Gonvarri participates at ForoBurgos 2016 on Digital Transformation' width='400' height='250' />						</a>
				</div> <!-- .et_pb_image_container -->
									<h2><a href="https://www.leadingthechange.com/en/gonvarri-presente-en-las-jornadas-foroburgos-2016-sobre-transformacion-digital/">Gonvarri participates at ForoBurgos 2016 on Digital Transformation</a></h2>
			
			<p class="post-meta">by <a href="https://www.leadingthechange.com/en/author/admmktgnv/" title="Posts by admmktgnv" rel="author">admmktgnv</a>  |  Oct 17, 2016  |  <a href="https://www.leadingthechange.com/en/category/sin-categoria/" rel="category tag">Sin categoría</a>, <a href="https://www.leadingthechange.com/en/category/uncategorized/" rel="category tag">Uncategorized</a></p>Gonvarri Steel Services has taken part in the exhibition “A travel in time through Burgos’ industry”, within ForoBurgos 2016, that finished yesterday at Casa del Cordón in Burgos under the Digital Transformation topic. Through a dramatized tour and digital materials as virtual reality, augmented reality or video mapping, visitors got to know the trajectory of the steel company, as well as its business, its international presence or the technology used in the development of its product. Gonvarri has also participated in several discussions and panels with César García Leal, General Manager at Gonvarri Iberia and UK, and Néstor Lacarra, General Manager of Strategy, Management Systems and Innovation, respectively. The first day was about technology and industrial changes; whilst the second, open to public, addressed the topic of entrepreneurship in digital world and human resources’ digital competencies. This is the eighth edition of ForoBurgos initiative, held with the goal to become into a referral regional event, committed to strength the relationship between the company and society, adding value to the entrepreneur, the transmission of knowledge and the increase of...		
		</article> <!-- .et_pb_post -->
</div> <!-- .et_pb_posts --><div class="pagination clearfix">
	<div class="alignleft"><a href="https://www.leadingthechange.com/en/wp-json/wp/v2/pages/160/page/2/" >&laquo; Older Entries</a></div>
	<div class="alignright"></div>
</div>
		</div>
		</div> <!-- .et_pb_column -->
		</div> <!-- .et_pb_row -->
			
		</div> <!-- .et_pb_section -->
